 -5*q + 2*b + g = 0. What is the tens digit of q?
9
Suppose 3*g - 45 = -3*z, -5*z - g = 2*g - 81. Let p = 38 - z. What is the tens digit of p?
2
What is the units digit of ((-44244)/48)/((-3)/4)?
9
Let f(p) = p**3 + 7*p**2 - 4*p - 6. Let b be f(-7). Suppose 0 = 27*i - b*i - 1130. What is the units digit of i?
6
Let v(m) be the second derivative of -2*m**5 + m**4/6 - m**2/2 + 4*m. Let r be v(1). What is the units digit of (2/(-3))/(2/r)?
3
What is the hundreds digit of 8*(-1)/((-3)/222)?
5
Let s be (9/(-18))/(1/12). Let b be (-4)/1*(-9)/s. Let n = 7 - b. What is the units digit of n?
3
What is the tens digit of 102/(-119)*676*(-7 + 0)?
5
Let c(l) = l**3 - 12*l**2 + 13*l - 20. Let p be c(11). Suppose -2*y + 7*y + 393 = 3*u, -4*u + p*y + 538 = 0. What is the hundreds digit of u?
1
Let r(n) = -2*n - 11. Let t(m) = 1. Let u(q) = -r(q) - 4*t(q). Let j = -64 + 61. What is the units digit of u(j)?
1
Suppose -94*a = -88*a - 3528. What is the tens digit of a?
8
Let q = -14 + -1. What is the units digit of (4 - -31)*(-18)/q?
2
Let h(q) = -q**3 + 9*q**2 + 2*q - 13. Let m be h(9). Let s = 5 - m. Suppose s = -8*u + 3*u + 70. What is the tens digit of u?
1
Let r be ((-372)/18)/(4/(-6)). Let g = 15 + r. What is the tens digit of g?
4
Suppose -4*c = -7*c. Suppose 2*p - 34 = -c*p - 4*z, -3*p - 5*z = -49. What is the tens digit of p?
1
Let p = 2311 - 1333. What is the hundreds digit of p?
9
Let j(x) = -x**3 - 10*x**2 - 23*x + 14. What is the tens digit of j(-12)?
7
Suppose 12 = -y + 5*j, 0 = -4*y - y - j - 8. Let f be (y + 22)*(-4)/(-5). What is the units digit of ((-3)/1)/3 + f?
5
What is the hundreds digit of (3 + -1)/(118/53631)?
9
Let l(i) = 17*i**3 + i**2 - 5*i + 3. Let v = 102 + -101. What is the tens digit of l(v)?
1
Let n(h) = 258*h + 21. What is the tens digit of n(2)?
3
Suppose t - 4*w = -104 + 452, -5*t - 2*w + 1828 = 0. What is the tens digit of t?
6
Suppose -29*i + 18132 = -23*i. What is the tens digit of i?
2
Suppose 5*x - x + 346 = 2*u, -3*x + 800 = 5*u. What is the hundreds digit of u?
1
Let j be -28*4/(-1 + -3). Suppose -72 = -5*u + j. What is the tens digit of u?
2
Suppose 7*t = 12*t. Suppose 6*g - 3*g + 5*h - 35 = t, -h = -g + 1. Suppose 35 = -g*u + 175. What is the tens digit of u?
2
Let h be -1 + -1 + -16 + 18. Suppose 0 = -3*t - t - 5*r + 222, t - 5*r - 43 = h. What is the tens digit of t?
5
Suppose -4*h = -2*b - 14, 3 = -h - b + 8. Suppose 0 = -h*k - 0*k + 260. What is the units digit of k?
5
Suppose -3*a + 16 = 2*c, -2*c - a - 3*a + 14 = 0. Let j = c - 11. Suppose 0 = -5*k + 3*v + 32, -4*k + 4*v + 8 + 24 = j. What is the units digit of k?
4
Let j(x) = -x**3 + 22*x**2 - 2*x - 189. What is the hundreds digit of j(21)?
2
Let z = 483 + -11. Suppose -3*p + z = 52. What is the tens digit of p?
4
Let n(f) be the second derivative of -5*f**3/3 + 3*f**2 - 6*f. What is the tens digit of n(-9)?
9
Let r be ((-3)/(18/(-164)))/(2/6). Let c = r + -19. What is the tens digit of c?
6
Let r = 548 - 41. What is the tens digit of r?
0
Let z be (-10)/(-6) - (-10)/30. Suppose 0*k = -2*s - 3*k - 1, -s - 5*k - 4 = 0. What is the units digit of (z - 1)*3 + s?
4
Suppose 4*f + 59 = -3*a, -4*f + 34 = -5*a - 11. Let b = -12 - a. Let w = 27 - b. What is the tens digit of w?
2
Let u(r) = -r + 217. What is the hundreds digit of u(-34)?
2
Suppose 3*s - 15 = -3*b, -4*s + s - 30 = -2*b. Let r(w) = -w**3 + 7*w**2 + 18*w + 12. What is the units digit of r(b)?
2
What is the units digit of (-111)/(-9)*(34 + 2)?
4
Let l = -1682 + 2782. What is the hundreds digit of l?
1
Let t(b) = b. Let r be t(-3). Let g be (-15)/(-2) + r/(-6). What is the units digit of 4/(g/46)*1?
3
What is the units digit of (-12)/5*(-1980)/108?
4
Let g(v) = -2*v**3 - v**2 - v - 4. Let s(u) = -u**3 - 2. Let m(p) = -2*g(p) + 5*s(p). What is the tens digit of m(-4)?
8
Let f = 131 - 187. Let b = f - -109. What is the tens digit of b?
5
Suppose -h - 2*a + 507 = -79, -596 = -h + 3*a. What is the hundreds digit of h?
5
Let o(b) = -b**3 - 8*b**2 - 5*b - 4. Suppose 3*i + i - k = -33, -3*i = 5*k + 19. What is the tens digit of o(i)?
3
Suppose 4*y - 1 = -z, 2*y - z - 17 = 4*z. Let v be (6/(-84)*-4)/((-2)/(-14)). What is the tens digit of (1 - (-39 + v)) + y?
3
Let m(s) = 6*s**2 + 13*s - 16. What is the tens digit of m(-7)?
8
Let o = 793 + -547. What is the units digit of o?
6
Suppose 3*p - 2*p - 1194 = -2*h, 5*p = -10. What is the units digit of h?
8
Suppose -5*j + 101 = -239. Suppose 0 = -4*t + 5*i + 98, 3*t - 2 = 2*i + j. What is the tens digit of t?
2
Suppose i - r - 14 = 2*i, 4*i + 46 = r. Let o(g) = -4*g - 20. What is the units digit of o(i)?
8
Let l(b) = b**3 + 7*b**2 - b + 2. Let w be l(-7). Suppose 5*d = w + 6, -5*x + 41 = 2*d. What is the units digit of x?
7
Let a = 1365 + 2569. What is the units digit of a?
4
Let h = -4 - -17. Let c(t) = h*t**2 - 5*t - 4 - 14*t**2 - 2*t. What is the units digit of c(-6)?
2
Let u(s) = 5*s**2 - 5*s + 2. Suppose d - 10 = -c, 5*c - 47 = 2*d - 4*d. Let t be c/4 + (-12)/(-16). What is the tens digit of u(t)?
3
Suppose 0 = 34*a - 0*a - 48008. What is the hundreds digit of a?
4
Let w = 5224 + -3539. What is the tens digit of w?
8
Let j(q) = -2*q + 13. Let d be j(9). Let h = d + 7. Suppose 2*b = -4*l + 14, -13 = -b + h*l + 2*l. What is the units digit of b?
9
Let q be 32/((-3)/6*-2). Let p = q - -117. What is the tens digit of p?
4
What is the hundreds digit of 1/((-1)/6) - (-1116 - -6)?
1
Let d = -3 - -5. Suppose 3*p - 548 = -0*p + 2*h, 0 = d*p + 2*h - 352. Suppose 0 = -a - 2*a + p. What is the units digit of a?
0
Suppose 0 = 2*v - 23 - 165. What is the tens digit of v?
9
Suppose 194*g - 188*g = 6276. What is the tens digit of g?
4
Let h be 3 - 1 - 1 - 2 - 2. What is the tens digit of ((-2)/4 + 1050/(-36))*h?
8
Suppose 3*i + 4*v - 12 = 0, i + 0*i + v - 3 = 0. Suppose i = -4*k + k. Suppose j + k = 2*c + 25, 71 = 3*j - 4*c. What is the units digit of j?
1
Let i(n) = -n - 5. Let x be i(-10). Suppose -4*p + c + 259 = 0, x*p + 5*c + 54 = 359. What is the units digit of p?
4
Suppose 2 + 4 = 2*o. Suppose 4*m - o = 3*m. Suppose -m*g = -5*g + 14. What is the units digit of g?
7
Let m be -10 + 10 + 7*-7. Let d = m + 72. What is the units digit of d?
3
Suppose -3*j + 1 = 7. Let w = 20 - -4. What is the tens digit of (3/j)/(w/(-512))?
3
Let j(w) = -14*w + 63. What is the hundreds digit of j(-22)?
3
Let p(c) = 24*c + 443. What is the tens digit of p(-17)?
3
Suppose -8*w + 10*w - 64 = 0. Suppose -3*k + 664 = -3*p - w, 4*p + 1160 = 5*k. What is the tens digit of k?
3
Let k = -8 - -3. What is the units digit of 88/(-3)*(k + 2)?
8
Let x(u) = -57*u - 19. Let d be x(-7). Let q = d + -190. What is the units digit of q?
0
Suppose -64 = 2*s + 58. Let g = s - -73. What is the tens digit of g?
1
Let n = 1159 - 573. What is the tens digit of n?
8
Suppose 0 = -10*f - 131 - 19. Let z(p) = 35*p**3 - p - 1. Let o be z(-1). What is the units digit of (o/f)/((-1)/(-3))?
7
Let w(d) = 10*d + 16. Let y be w(-19). Let x = -75 - y. What is the tens digit of x?
9
Suppose 58 - 254 = -7*z. What is the units digit of z?
8
What is the tens digit of (-2)/(-9) + (-1694950)/(-981)?
2
Let q(g) = -g + 7. Let f(z) = -z**3 - 4*z**2 - 3*z + 2. Let m be f(-3). Suppose -3*p + 12 = n + 2*n, m*n - 10 = -p. What is the units digit of q(n)?
1
Suppose 0 = 4*c - 20, -3*h + 30 = 2*h - 3*c. Suppose 15 + h = 2*z. Suppose -z = -4*t + 8. What is the units digit of t?
5
What is the tens digit of 40/16*(5806/10 + -5)?
3
Suppose -2*y + 24 = n, -3*n - y + 2*y = -44. Let b(v) = -v**2 + 22*v + 25. What is the tens digit of b(n)?
2
Let h(n) = -45*n + 16. Let c be -1*(3/3 - -1). What is the tens digit of h(c)?
0
Let l(z) = 4*z + 29. Let s(p) = -p - 1. Let m(j) = l(j) + 3*s(j). What is the units digit of m(-15)?
1
Let t = -323 + 603. Suppose -9*a + t = -5*a. What is the units digit of 3/7 - (-460)/a?
7
Let c(p) be the first derivative of 39*p**2/2 - 52*p - 33. What is the tens digit of c(6)?
8
Let n = 19 + -16. Suppose 0*g = -n*g + 15. Suppose g*x + 130 = 5*j, -5*j = -2*j + 4*x - 43. What is the units digit of j?
1
Suppose 228*z - 233*z + 4170 = 0. What is the tens digit of z?
3
Let r(f) = -287*f**3 + f**2 + 25*f + 43. What is the units digit of r(-2)?
3
Suppose -3*w = -l - 70, 2*l - 9 = -3*w + 49. Suppose 4*o + 2*d - 19 = -5, 4 = -4*d. Suppose 1